.
5
Let o(f) be the second derivative of -f**5/20 + f**4/2 - f**3/2 + 8*f. Give o(5).
10
Let o(m) = m**2 - 2 - 6*m + 4*m**2 + 3 - 3*m**2. What is o(5)?
21
Let u be ((-12)/10)/(4/(-10)). Let l(d) = -1 + 2*d**2 + 0*d - d - d**u + d**2. Let m = 5 - 3. Calculate l(m).
1
Suppose 2*n + 2 = -0*n + a, -4*a = -4*n - 8. Let s(v) = v**3 + v**2 - v - 3. What is s(n)?
-3
Let u(x) = -3*x**2. Let a = -3 - -2. Let m be u(a). Let d(p) = p**2 + 4*p - 3. Determine d(m).
-6
Let a(u) = -2*u + 2. Let x be a(-1). Let q(w) be the third derivative of 1/120*w**6 + 5/24*w**4 + 2*w**2 - 1/12*w**5 - 1/6*w**3 + 0*w + 0. Give q(x).
3
Let z(a) = a**2 - a. Let t(q) = 7*q**2 + 2*q - 7. Let o(b) = t(b) - 6*z(b). Calculate o(-8).
-7
Let q(h) = -2*h + h**2 - 2 + 0*h**2 + 3. Suppose -f + 0*n - n - 5 = 0, 0 = -5*f + n - 13. Let c = 0 - f. Calculate q(c).
4
Let i(v) = v**3 - 6*v**2 + v - 7. Let y be i(6). Let z(p) = 4*p**2 - p - 1. Determine z(y).
4
Let g(u) = -9*u**3 - u**2 - 3*u - 2. Let l(t) = -2*t**3 + t + 1. Let o(x) = g(x) + l(x). Let z = 17 + -12. Suppose -1 + 6 = -z*a. What is o(a)?
11
Let q(x) = x. Let w be (-1)/((-3)/18) + (5 - 8). What is q(w)?
3
Suppose 0 = 2*t + 4 + 2. Let s = -5 - t. Let g(f) = 3*f + 3. What is g(s)?
-3
Let w(k) be the third derivative of -k**4/12 - k**3/6 - 4*k**2 + 7. Let q = 3 - 0. Determine w(q).
-7
Let w(z) be the second derivative of z + 1/6*z**3 + 0 - 5/12*z**4 + 1/20*z**5 - 3*z**2. Give w(5).
-1
Suppose 0 = -4*s + 12, 5*b + 0*s + 2*s + 4 = 0. Let h(l) = -l**2 - 2*l - 3. Give h(b).
-3
Let f(v) = -v**3 + v**2 + v - 1. Let y(j) = 5*j**3 - 5*j**2 - 7*j + 22. Let x(q) = -6*f(q) - y(q). What is x(0)?
-16
Let n = 14 - 14. Let s(f) = 19*f + n - 5*f - 1. Calculate s(1).
13
Let t = 98 - 91. Let l(x) = x**3 - 6*x**2 - 9*x + 4. Give l(t).
-10
Let u(v) = 2*v**2 + 2*v**2 + v - 1 - 3*v**2. Let j be (-2 - 2*-1)/(-1). What is u(j)?
-1
Let s(q) = 3 - q**3 + 6*q**2 + 2*q - 5*q**2 + q. Let v(r) = -r**3 + r**2 + 3*r + 3. Let l(m) = -4*s(m) + 3*v(m). Let j = 2 + 1. Calculate l(j).
6
Let i(j) be the first derivative of -1 + 0*j + 1/6*j**3 - 1/24*j**4 - j**2. Let b(k) be the second derivative of i(k). Determine b(-2).
3
Let w(i) be the third derivative of -i**4/8 - i**3/6 - 16*i**2. Determine w(-6).
17
Suppose 2*v - 4*v = 6. Let s = v - -2. Let x = s + -1. Let k(r) = -r - 2. What is k(x)?
0
Suppose 5 = -5*b - 5. Let l(o) = 7*o + o + 1 - 10*o. Determine l(b).
5
Let g(d) = 1 + 1 + 3 - 6 - 2*d. Calculate g(-2).
3
Let t(x) = x**2 - 6*x + 6. Let z be (1 - 6)/((-5)/5). Give t(z).
1
Let y = 14 + -9. Suppose -4*q - l = y, 0*q - l = -2*q - 7. Let f(d) = -7*d. Calculate f(q).
14
Let y(l) be the first derivative of -3*l**4/4 + l**2/2 + 4. Determine y(1).
-2
Let x(r) = 4. Let a(u) = -u + 3. Let z be a(2). Let l(i) = -i. Let h(s) = z*x(s) - 2*l(s). Suppose -f - 1 = f - 3*g, 0 = 2*f + 2*g + 16. Calculate h(f).
-6
Suppose -2*i = 4*v - 4, 4*i - 3 + 7 = -4*v. Let r(z) = -3*z - 3. Calculate r(v).
-12
Let k(p) = 35*p**2 - 2*p - 5*p + p**3 + 1 - 41*p**2. Determine k(7).
1
Let c(w) = -w - 3. Suppose -5*p + 27 = 42. Give c(p).
0
Let d(j) = 9*j**2 + j. Suppose 5*n = -2*i - i - 7, -3*i + 4*n + 11 = 0. Determine d(i).
10
Let l(c) = -c - 6. Let o(u) = -u - 5. Let h(a) = 6*l(a) - 7*o(a). What is h(-4)?
-5
Let d(k) = -4*k**3 + 9*k**2 - 9*k + 7. Let s be 12/9*27/12. Let u(z) = -11*z**3 + 26*z**2 - 26*z + 20. Let v(j) = s*u(j) - 8*d(j). What is v(5)?
-1
Let u be -3 + 7 - (0 + -2). Let t = u - 10. Let z(p) = -2*p + 1. Give z(t).
9
Let t be (-2)/4 - 7/(-2). Let r = -1 + t. Suppose y - 3 = d, -d + 3 = -r*y + 3*y. Let b(s) = s**3 + 1. Calculate b(d).
1
Let x(c) = c. Let j be (-10)/(-45) - 2/9. Let u = j + -1. Let r be x(u). Let q(z) = -2*z**2 - 1. What is q(r)?
-3
Let u(n) = 7*n**2 - 1. Let d(h) = 6*h**2 - h - 2. Let r(l) = 5*d(l) - 4*u(l). Let s(x) = x**2 - x + 1. Let o(f) = r(f) - s(f). Determine o(5).
-2
Let h(l) = -l**2 + 9*l - 6. Suppose 7*n + b = 4*n + 23, -3*n + b = -19. What is h(n)?
8
Let h(p) = -12*p**3. Let u be (-6*(-4)/(-8))/(-3). Calculate h(u).
-12
Let g(p) be the third derivative of p**2 - 1/12*p**5 + 2/3*p**3 + 0 + 1/120*p**6 + 0*p + 1/8*p**4. Suppose t + 2 = -i, -2*t + 0 = 3*i + 1. Give g(i).
-5
Let n(s) = 11*s + 1. Suppose 2*g = 7*g - 20. Let d be 6/8 + 17/g. Let b = d + -4. Give n(b).
12
Let a be 2 + (-2 - (-3 + 0)). Let t(r) = 0*r + 3 + 2*r - 2*r - a*r. Determine t(2).
-3
Let i(q) = -q**2 - 3*q + 5. Let n = 2 + 3. Suppose -5*m - 31 = 2*a, 5*m + n*a + 16 = -24. What is i(m)?
-5
Let p(w) = 15*w - 11. Let g(v) = -8*v + 6. Let t(b) = -11*g(b) - 6*p(b). Give t(-2).
4
Let d(j) = j + 7. Let l be d(-7). Let y(c) = c + 4. Determine y(l).
4
Suppose -7*p + 8 = -3*p - 2*x, -2 = -p + 4*x. Let m = p - 3. Let a(g) = -2*g**2 + 2*g**2 + 7*g**2. Calculate a(m).
7
Let j(p) = -p - 2*p + 4*p + 3. Let u = 4 + -8. Calculate j(u).
-1
Let j(q) = q**3 - 3*q**2 - 5*q - 1. Let a be 10*6*(-4)/(-60). Determine j(a).
-5
Let r(z) = -z**2 - z - 6. Let a be (4/(-6))/((-6)/9). Let t be -2 - (-2 - (1 - a)). Give r(t).
-6
Let c(w) = -6*w**2 + w**3 + 53 - 46 - 3*w - 3*w. Determine c(7).
14
Let h = -26 - -26. Let b(q) = q + 9. Calculate b(h).
9
Suppose -8 = -6*f + 4*f. Let h(z) = -z**2 + 2*z + 5. Give h(f).
-3
Let c(s) = -s**3 - s**2. Suppose 3 = -3*l, 5*l = -6*z + 2*z - 5. Let y be z/(-4 + (1 - -2)). What is c(y)?
0
Let t(f) be the third derivative of 0*f - 3*f**2 + 0*f**3 - 1/120*f**5 + 1/60*f**6 + 1/6*f**4 + 0. Let o(c) be the second derivative of t(c). Give o(1).
11
Suppose 0 = 3*k + 5*d - 4, 0*k - 8 = 2*k - 2*d. Let j = k - -6. Let f(u) = -u**2 + 4*u - 4. Give f(j).
-4
Let u = 3 + -8. Let t(m) be the first derivative of m**5/20 + 5*m**4/12 + m**3/6 + 3*m**2/2 + 2*m - 2. Let r(o) be the first derivative of t(o). Calculate r(u).
-2
Suppose 1 = t - 1. Suppose -k + 2*k = -5*i + 12, -t*i + 23 = 3*k. Let w(j) = -j + 8. Let f be w(k). Let a(z) = -z**3 - z**2 + 1. Determine a(f).
-1
Let l(r) be the first derivative of r**4/4 - 2*r**3 + 3*r**2 + 5*r + 29. Give l(5).
10
Let j(v) = 2 - 2*v**3 - v**3 + 2*v**3 + 4*v - 1 + 4*v**2. What is j(4)?
17
Let h(s) be the third derivative of -s**5/60 - s**4/3 - 2*s**3/3 - 3*s**2. Calculate h(-6).
8
Let l(t) = t**2 + 4*t + 4. Suppose 3*d + j + 1 = -3, 2 = 3*d + 4*j. Let s be (-2)/d - (2 + 3). Calculate l(s).
4
Let o(y) = y**2 + 4*y - 6. Let x be o(-5). Let u be (-5)/((-15)/(-6)) - x. Let j(b) = -b**2 + 1. What is j(u)?
0
Suppose i = 4*i - 18. Let r(n) = -4*n - 3. Let z(m) = 4*m + 3. Let v(p) = i*z(p) + 7*r(p). Let q be v(-2). Let w(t) = -t**3 + 4*t**2 + 4*t + 4. Calculate w(q).
-1
Let o(w) = -w - 5. Let r(d) = d + 4. Let n(p) = -3*o(p) - 4*r(p). Suppose 0*m + 4*m = 3*k + 15, -4*m = 0. Give n(k).
4
Suppose 8 = -6*n + 2*n. Let f be 160/25 + n/5. Let y(d) = d - 6 + 7*d - 2*d - f*d**2 + d**3. What is y(5)?
-1
Let z(n) = n**2 - 7*n + 1. Suppose -s = f - 6*s + 14, 2*f - 2*s - 4 = 0. Determine z(f).
-5
Let o(h) = 7*h - 2. Let w(i) = -19*i + 6. Let n(t) = -11*o(t) - 4*w(t). Let u = -2 + -1. Calculate n(u).
1
Let d(s) = -19*s + 30. Let n be d(2). Let g(c) = c**2 + 7*c + 10. What is g(n)?
18
Let j be 1*4/((-12)/9). Let n(k) be the first derivative of -k**3/3 - k**2/2 + 3*k - 2. Determine n(j).
-3
Let z be (-4)/(-8) + (-1)/6. Let t(n) be the third derivative of n**2 - 1/60*n**5 - 1/8*n**4 + 0 + 0*n - z*n**3. What is t(-2)?
0
Let u(q) = q**3 + 5*q**2 - q - 1. Let c be u(-5). Let b(l) = c*l - l**2 - 4*l. Let n be 8/28 + (-2)/7. Determine b(n).
0
Let s(j) = -5 - j - 4*j**2 + 5. Let r(d) = 4*d. Let t be r(-1). Let b = t + 3. Give s(b).
-3
Let s(j) = -5*j**3 - j**2 + 3*j - 4. Let v be 34/(-9) + 2/(-9). Let h(i) = 6*i**3 + 2*i**2 - 4*i + 5. Let k(c) = v*h(c) - 5*s(c). Let f = 8 - 5. Give k(f).
3
Let s(h) = h**3 + 6*h**2 + 5*h - 3. Suppose -2*k = 0, b = -b + 5*k - 10. Give s(b).
-3
Let a(g) = -g**2 + 5*g + 8. Suppose -4*v = -c - 26, c + 3*c = 3*v - 13. Let f(s) = 2*s**2 - 10*s - 16. Let z(n) = v*a(n) + 4*f(n). What is z(6)?
-2
Let r(g) = -2 - 2*g + 2*g - g. Let q = -19 - -16. Calculate r(q).
1
Let g = 5 + 2. Let w(s) = -2*s**3 - 2*s**2 - 1. Let u(n) = 9*n**3 + n**2 - 2*n + 11. Let t(a) = -u(a) - 4*w(a). What is t(g)?
7
Let i(y) = 1 + 0 - y**2 - 2*y + 5*y**2. Let q be (-22)/(-18) + 2/(-9). Determine i(q).
3
Let s(p) = 2*p**2 - 7*p + 6. Let j = -70 - -118. Let c be (j/(-30))/((-4)/10). Give s(c).
10
Le